prime factors of 6698622?
2, 3, 7, 159491
List the prime factors of 13181878.
2, 6590939
What are the prime factors of 264527?
264527
List the prime factors of 3117844.
2, 43, 18127
What are the prime factors of 8767067?
8767067
List the prime factors of 4960287.
3, 551143
What are the prime factors of 10421757?
3, 385991
What are the prime factors of 89119?
89119
What are the prime factors of 136723?
47, 2909
What are the prime factors of 215112?
2, 3, 8963
What are the prime factors of 1192305?
3, 5, 101, 787
List the prime factors of 171764.
2, 23, 1867
List the prime factors of 94934.
2, 7, 6781
What are the prime factors of 1638205?
5, 17, 19273
What are the prime factors of 407670?
2, 3, 5, 107, 127
What are the prime factors of 73396?
2, 59, 311
What are the prime factors of 2530902?
2, 3, 11, 31, 1237
List the prime factors of 105570.
2, 3, 5, 17, 23
List the prime factors of 15497566.
2, 7, 479, 2311
List the prime factors of 10977202.
2, 5488601
What are the prime factors of 184775?
5, 19, 389
List the prime factors of 1069328.
2, 13, 53, 97
List the prime factors of 1304779.
7, 186397
List the prime factors of 90067.
90067
What are the prime factors of 383466?
2, 3, 79, 809
What are the prime factors of 17523242?
2, 11, 193, 4127
What are the prime factors of 1072615?
5, 17, 12619
List the prime factors of 692467.
692467
List the prime factors of 303102.
2, 3, 1871
What are the prime factors of 928876?
2, 13, 17863
List the prime factors of 3815071.
13, 293467
What are the prime factors of 1552035?
3, 5, 107, 967
What are the prime factors of 62307?
3, 7, 23, 43
List the prime factors of 280849.
163, 1723
List the prime factors of 1104571.
13, 84967
What are the prime factors of 149?
149
What are the prime factors of 2419063?
2419063
List the prime factors of 9930619.
439, 22621
What are the prime factors of 2931659?
191, 15349
List the prime factors of 7162922.
2, 13, 31, 8887
What are the prime factors of 900153?
3, 11113
List the prime factors of 65526.
2, 3, 67, 163
List the prime factors of 5668296.
2, 3, 103, 2293
List the prime factors of 4595.
5, 919
What are the prime factors of 363057?
3, 121019
What are the prime factors of 50644?
2, 11, 1151
List the prime factors of 6205763.
1453, 4271
List the prime factors of 14003215.
5, 2800643
List the prime factors of 312458.
2, 156229
List the prime factors of 72434.
2, 36217
List the prime factors of 249335.
5, 47, 1061
What are the prime factors of 525134?
2, 262567
What are the prime factors of 823703?
823703
List the prime factors of 1397171.
283, 4937
List the prime factors of 132598.
2, 167, 397
What are the prime factors of 265506?
2, 3, 17, 19, 137
What are the prime factors of 14092118?
2, 7046059
What are the prime factors of 7977231?
3, 43, 6871
List the prime factors of 6397425.
3, 5, 28433
What are the prime factors of 1760634?
2, 3, 97813
What are the prime factors of 538170?
2, 3, 5, 17939
List the prime factors of 647856.
2, 3, 11, 409
What are the prime factors of 611938?
2, 23, 53, 251
List the prime factors of 1156902.
2, 3, 192817
What are the prime factors of 287566?
2, 59, 2437
What are the prime factors of 7952085?
3, 5, 176713
What are the prime factors of 1167197?
59, 73, 271
What are the prime factors of 153533?
153533
List the prime factors of 7455.
3, 5, 7, 71
List the prime factors of 722924.
2, 180731
What are the prime factors of 159058?
2, 67, 1187
List the prime factors of 6781405.
5, 31, 67, 653
List the prime factors of 8015912.
2, 1001989
List the prime factors of 54113.
53, 1021
List the prime factors of 2581402.
2, 127, 10163
List the prime factors of 5652101.
7, 13, 19, 467
What are the prime factors of 248068?
2, 62017
What are the prime factors of 992968?
2, 124121
What are the prime factors of 3773459?
1193, 3163
List the prime factors of 2824836.
2, 3, 7, 33629
What are the prime factors of 137?
137
List the prime factors of 5812792.
2, 726599
List the prime factors of 8387041.
13, 241, 2677
What are the prime factors of 1181984?
2, 43, 859
List the prime factors of 21804724.
2, 1289, 4229
List the prime factors of 13596291.
3, 137, 11027
What are the prime factors of 106944?
2, 3, 557
What are the prime factors of 3895206?
2, 3, 7, 13249
What are the prime factors of 5523520?
2, 5, 41, 421
What are the prime factors of 157120?
2, 5, 491
What are the prime factors of 1824?
2, 3, 19
List the prime factors of 201142.
2, 163, 617
List the prime factors of 6120125.
5, 11, 4451
List the prime factors of 917857.
89, 10313
What are the prime factors of 2807231?
7, 19, 21107
What are the prime factors of 77227?
29, 2663
List the prime factors of 31976.
2, 7, 571
What are the prime factors of 872338?
2, 17, 25657
List the prime factors of 4681755.
3, 5, 13, 53, 151
List the prime factors of 1135607.
11, 103237
What are the prime factors of 11931663?
3, 503, 7907
List the prime factors of 237754.
2, 11, 101, 107
What are the prime factors of 217867?
13, 16759
List the prime factors of 58097.
13, 41, 109
List the prime factors of 501431.
7, 71633
List the prime factors of 842697.
3, 23, 59
List the prime factors of 227743.
227743
What are the prime factors of 401419?
23, 31, 563
What are the prime factors of 1761201?
3, 13, 15053
What are the prime factors of 5560507?
71, 78317
List the prime factors of 869766.
2, 3, 144961
What are the prime factors of 1166306?
2, 583153
What are the prime factors of 2820856?
2, 352607
What are the prime factors of 692122?
2, 37, 47, 199
What are the prime factors of 290731?
7, 41, 1013
List the prime factors of 13211698.
2, 6605849
What are the prime factors of 753520?
2, 5, 9419
What are the prime factors of 2397850?
2, 5, 7, 13, 17, 31
List the prime factors of 6821219.
43, 158633
List the prime factors of 6434340.
2, 3, 5, 11, 9749
What are the prime factors of 63808?
2, 997
What are the prime factors of 999489?
3, 431, 773
List the prime factors of 410203.
410203
List the prime factors of 181342.
2, 7, 12953
What are the prime factors of 6531565?
5, 1306313
List the prime factors of 323696.
2, 20231
List the prime factors of 6714753.
3, 223, 10037
What are the prime factors of 1550187?
3, 172243
What are the prime factors of 12869125?
5, 102953
What are the prime factors of 54319?
54319
List the prime factors of 5942386.
2, 2971193
List the prime factors of 17075332.
2, 241, 17713
List the prime factors of 185077.
185077
List the prime factors of 63827.
83, 769
What are the prime factors of 985028?
2, 11, 61, 367
List the prime factors of 22812906.
2, 3, 3802151
List the prime factors of 9054629.
9054629
What are the prime factors of 27647412?
2, 3, 13, 31, 5717
What are the prime factors of 15220936?
2, 1902617
What are the prime factors of 5894?
2, 7, 421
What are the prime factors of 6595616?
2, 71, 2903
What are the prime factors of 3492776?
2, 7, 97, 643
List the prime factors of 256816.
2, 7, 2293
List the prime factors of 57297.
3, 71, 269
List the prime factors of 1674842.
2, 13, 37, 1741
List the prime factors of 302947.
491, 617
List the prime factors of 1650811.
683, 2417
List the prime factors of 23366766.
2, 3, 109, 35729
What are the prime factors of 463872?
2, 3, 151
List the prime factors of 21703533.
3, 7234511
What are the prime factors of 1678100?
2, 5, 97, 173
What are the prime factors of 5758050?
2, 3, 5, 23, 1669
List the prime factors of 45444.
2, 3, 7, 541
List the prime factors of 30675880.
2, 5, 19, 181, 223
What are the prime factors of 11930989?
7, 53, 32159
What are the prime factors of 3106254?
2, 3, 67, 7727
What are the prime factors of 813111?
3, 13, 20849
List the prime factors of 335057.
335057
What are the prime factors of 245649?
3, 81883
List the prime factors of 555323.
149, 3727
List the prime factors of 154931.
7, 22133
What are the prime factors of 60472?
2, 7559
List the prime factors of 274978.
2, 11, 29, 431
List the prime factors of 291145.
5, 58229
List the prime factors of 2811427.
2811427
List the prime factors of 1747802.
2, 7, 131, 953
List the prime factors of 18072480.
2, 3, 5, 23, 1637
List the prime factors of 24370.
2, 5, 2437
What are the prime factors of 1116164?
2, 7, 39863
What are the prime factors of 1330614?
2, 3, 41, 601
List the prime fact